et c be h(2). Suppose c = -2*q + 128. What are the prime factors of q?
43
Let p = -16 - -27. Let w(q) = q**3 - 10*q**2 - 11*q + 8. What are the prime factors of w(p)?
2
Suppose -o + 4*c = 2*c - 5, -18 = 3*o + 5*c. Let q = 1 + o. Suppose -3*h + q*h = -54. What are the prime factors of h?
2, 3
Let u be 63/(-28)*(-64)/6. Let y = 39 - u. List the prime factors of y + -1 - -3 - 0.
17
Suppose 2*v - 10 = -5*u - 2*v, -4*v + 20 = 0. Let r be 2/(-5) - (-94)/10. Let g = r - u. List the prime factors of g.
11
Suppose -b + 284 = 5*y, -2*y + b + 33 + 75 = 0. List the prime factors of y.
2, 7
Let x(b) = 3*b - b - 3*b - 5 - 2*b. List the prime factors of x(-4).
7
Suppose 0*d = -7*d + 35. Let y(x) = -x**2 - 10*x + 6. Let u be y(-6). Suppose -2*j + d = -5*c - 23, -4*j - 3*c + u = 0. List the prime factors of j.
3
Suppose x + 56 = -3*x. Let b = x - -29. What are the prime factors of b?
3, 5
Suppose -5*v = -5*c - 1237 - 173, -5*v + 4*c + 1406 = 0. Suppose 5*l + 113 - v = 0. What are the prime factors of l?
3, 11
Let t(f) = -f**2 - f + 15. Let k be t(0). Let x be k/12*-1*-12. Suppose 3*r = -x, o - 5*r - 6 = 24. List the prime factors of o.
5
Let h(f) = 2*f - 2. What are the prime factors of h(6)?
2, 5
Let t(d) = 5*d**2 + 2*d + 16. List the prime factors of t(-5).
131
Suppose -3*c - 52 = 41. Let i = 7 + c. List the prime factors of i/(((-15)/2)/5).
2
Suppose -2*b + 14 = 4*c, 0*b - 10 = 5*c - 3*b. Suppose -m + 3 - c = 0. Suppose -t + 2 = -m. List the prime factors of t.
2
Suppose -c = -5*r - 10, -r = 5*c + 6 - 4. Suppose c = 2*k - 44 - 8. List the prime factors of k.
2, 13
Let i be ((-4 - 0)*-1)/2. Let n(s) be the first derivative of s**4/4 + 2*s**3/3 - s**2 - 2*s + 9. List the prime factors of n(i).
2, 5
Let d(w) = -w + 16. Let s be d(0). Suppose 11*f = s*f - 250. What are the prime factors of f?
2, 5
Suppose -3*h + 29 = 11. Let b(g) = g**2 - 3*g - 1. List the prime factors of b(h).
17
Let w(r) = 5*r + 7. What are the prime factors of w(3)?
2, 11
Let q(l) = 2*l**2 + 6*l - 5. Let w = 2 - 8. List the prime factors of q(w).
31
Let m(k) = -k + 6. Let t be m(8). What are the prime factors of t + -1 + 10 + 1?
2
What are the prime factors of (-4)/10 + 174/10?
17
Suppose 5*q - 41 = 154. Suppose -6*a + q = -3*a. What are the prime factors of a?
13
Suppose 5*o - 6*r + r = 340, -2*o + 4*r + 136 = 0. List the prime factors of o.
2, 17
Let c be 1*6*(3 + -1). Suppose j = 5*j - c. List the prime factors of 4*j/18*12.
2
Let r be (-3)/(-2) + 1/2. Suppose 5*q = 3*x + 9 + 38, -r*q = -x - 19. List the prime factors of 265/25 - (-4)/q.
11
Suppose -d + 100 = 3*d. What are the prime factors of d?
5
Suppose -5*d - 4*a - 5 = -3*a, -4*a + 4 = -4*d. Suppose 8 = 2*n - w - w, 0 = 4*w + 4. What are the prime factors of d*3/n + 6?
5
Let k be 18/(-24) + (-54)/(-8). List the prime factors of 100/k - 2/3.
2
Let c(l) = -20*l**3 - l**2 + 2*l - 1. Let z be c(1). Let i(b) = -7*b**2 - b - 2. Let r be i(-2). Let m = z - r. List the prime factors of m.
2
Suppose s = 12 - 1. Suppose -s + 3 = 2*l. List the prime factors of l + 2 + 1 + 16.
3, 5
Let p(t) = -t**2 - 4*t - 1. Let k be p(-3). Suppose -6 = -4*y - k*d + 22, 16 = 4*d. List the prime factors of y.
5
Let y(s) = 2*s**2 - 6*s + 4. Let i be y(6). Let u = 4 + i. What are the prime factors of u?
2, 11
Let n = 43 + -14. Suppose 0 = 4*v - 2*i - 2*i - 144, 2*i = -2*v + 92. Let g = v - n. What are the prime factors of g?
2, 3
Suppose 3*i + i = -16, -2*o = -i - 4. Suppose 2*q - 4*q + 22 = o. What are the prime factors of q?
11
Let t(c) = -2*c + 3. Let y be t(8). Let x = y + 1. Let j = x - -26. List the prime factors of j.
2, 7
Let l = 5 + -4. Let r be l/(-1 + (-15)/(-16)). List the prime factors of r/(-3) + 1/(-3).
5
Let c(v) = -4*v + 6. List the prime factors of c(-3).
2, 3
Suppose -12 = -0*q + q. What are the prime factors of ((-21)/q - 0)*4?
7
Let j(i) = -4*i + 23*i**2 - i**3 - 51*i**2 + 16*i**2 + 5. What are the prime factors of j(-12)?
53
Let w be 394 - (-6 + (6 - 3)). Suppose -2*o = -w - 101. List the prime factors of o/27 - 2/9.
3
Suppose -2*l - 2*l = 0. Let h = 2 + l. Let u = 14 + h. List the prime factors of u.
2
Let i = 2 + -2. Let h = 14 + i. List the prime factors of h.
2, 7
Suppose 3*v = -12 + 180. List the prime factors of v.
2, 7
Let q = 29 + -15. What are the prime factors of q?
2, 7
Let y = -16 - -26. List the prime factors of y.
2, 5
Let m = -47 - -56. Let p = 6 + 9. Suppose d = -3*s + 25, 4*s + m*d = 4*d + p. List the prime factors of s.
2, 5
Let o(v) = v**2 + 4*v - 6. Let n be o(-5). Let g be 1*(4*n)/(-2). Suppose 0*a - g*y - 24 = -5*a, 3*y + 6 = 0. List the prime factors of a.
2
Let b(p) = p**3 - 9*p**2 + p - 8. Let s be b(9). List the prime factors of ((s - 4) + 11)*2.
2
Suppose -5*t - 28 = -t. Suppose 40 = -4*o + 2*i, -o + 0*i + 2*i = 10. Let f = t - o. List the prime factors of f.
3
Suppose 80 = 3*p - 49. What are the prime factors of p?
43
Suppose -5*k = 3*j - 10, 2*k - 8 = 4*j - 6*j. Suppose 3*f + 2*w = j, f = 3*f + 3*w + 5. What are the prime factors of f?
5
Suppose -37 = -3*s + 23. List the prime factors of s.
2, 5
Suppose 2*t = -5*p + 22, p + p - 4*t = 28. Suppose 0 = -i - 2*i - 5*l + p, -6 = -3*i + 3*l. List the prime factors of 2 + (i - -2) + 0.
2, 3
Suppose 5*a = -5*o - 35, 5*a = -o - 2*o - 25. Let l be (a/(-3))/(4/(-24)). List the prime factors of (-22)/4*(l - -2).
11
Let g be ((-12)/(-10))/(15/50). Let s be -1 + -1*-7*1. Suppose 8 = 2*r - s*r, g*w + 5*r = 6. What are the prime factors of w?
2
Let i(q) be the first derivative of q**4/4 + q**3/3 - 3*q**2/2 + 4*q + 3. Let b be i(-3). Let k = b + 8. List the prime factors of k.
3
Let r(g) = -9*g. Let u be r(-1). Suppose -u - 11 = -2*j. List the prime factors of j.
2, 5
Let j(s) = -s**3 + 4*s**2 + 3*s + 2. Let m be j(5). List the prime factors of (m/14)/(10/(-35)).
2
Let l(f) = f**2 - 8*f + 2. Let z(r) = -6*r**2 + 41*r - 9. Let s(y) = 11*l(y) + 2*z(y). What are the prime factors of s(-6)?
2
Let l be (-1)/(6/(-15))*6. What are the prime factors of (-222)/(-10) - 3/l?
2, 11
Suppose 5*h = 4*w + 718, -5*h + 2*w + 727 = w. What are the prime factors of h?
2, 73
Let f(w) = 437*w - 3. Let y be f(-3). What are the prime factors of (-4)/14 - y/42?
31
Suppose 0 = a + 2*m - 35, 5*a + 2*m + 2*m = 181. List the prime factors of a.
37
Let c = 29 - -79. What are the prime factors of c?
2, 3
Suppose 2*q - 259 = -67. List the prime factors of q.
2, 3
Suppose 280 = 10*l - 5*l. What are the prime factors of l?
2, 7
Suppose 5*n - 743 + 108 = 5*l, n + l = 133. List the prime factors of n.
2, 5, 13
Suppose -3*q = 3, -2*q = v + 3*q + 31. Let a = 50 + v. What are the prime factors of a?
2, 3
Let o = -10 - -23. Suppose -1 = -3*l - 28. Let r = l + o. What are the prime factors of r?
2
Let x(d) = -6*d - 2. Let s be x(-6). Suppose -c - c + s = 0. What are the prime factors of c?
17
Let l = -4 - -1. Let f be (-1 + 2/l)*3. Let x = f + 8. List the prime factors of x.
3
Suppose 8 = -2*t + 6. Let x = 13 - 6. Let l = t + x. List the prime factors of l.
2, 3
Suppose z + 299 = 3*x - 623, 3*z + 12 = 0. What are the prime factors of x?
2, 3, 17
Suppose -5*c + 7 = -23. Suppose -32 = -c*g + 4*g. What are the prime factors of g?
2
Let y(v) = v**2 + 5*v + 5. Let p be y(-4). Suppose -2 = 4*i + 2*j, 4*i + p + 2 = -3*j. Suppose -2*n + n + 15 = i. What are the prime factors of n?
3, 5
Let i = 94 + -135. Let x = 2 - i. Let m = x + -31. List the prime factors of m.
2, 3
Suppose -r - r - 2*n = 4, -r - 5*n - 10 = 0. What are the prime factors of (2 + r)*(-10)/(-4)?
5
Let t(o) = -68*o - 5. What are the prime factors of t(-2)?
131
What are the prime factors of 0 - ((-177)/3 + -3)?
2, 31
Suppose 2*a + 2 = -c + a, -3*a + 8 = -4*c. Let g = c - -13. List the prime factors of g.
11
Let m = 66 + -21. Suppose 3*o = -0*o + m. List the prime factors of o.
3, 5
Suppose -5*b = -i - 11, 5*i = -3*b + b - 1. Suppose 0*u + b*u = 58. What are the prime factors of u?
29
Let t = 5 - 2. Suppose 2*b - 70 = -t*b. List the prime factors of b.
2, 7
Let q = 19 + 114. List the prime factors of q.
7, 19
Suppose -3*n + y + 80 = -171, y - 253 = -3*n. What are the prime factors of n?
2, 3, 7
Let c = 138 + -129. List the prime factors of c.
3
Suppose -5*i = -3*y - 27 + 256, 0 = 3*y - 4*i - 233. What are the prime factors of y?
83
Let z = -7 + 3. Let v = z + 